 63.
7
Let q = 52 - 32. Let z = q - 6. Calculate the greatest common divisor of 98 and z.
14
Let f be (12/14)/((-3)/(-189)). Let t(k) = 1 + 1 + 21*k + f*k. Let g be t(2). What is the highest common divisor of 19 and g?
19
Let d be ((-2)/4 - 1)/((-33)/1100). What is the highest common factor of d and 30?
10
Let c(o) = o**2 - 4*o - 7. Let q be c(6). Suppose -4*f = -v - 124, -f + q*v = 3*f - 108. Calculate the greatest common factor of 8 and f.
8
Suppose 2*m - 10 = -4. Suppose -l = -0*l - m. Suppose -k - 2*p = 0, 4*k - l - 33 = p. What is the greatest common factor of k and 64?
8
Suppose -104 + 32 = -4*x. Calculate the greatest common factor of 198 and x.
18
Suppose -3*t + 10 = 4*q - 12, -3*q + 2 = -5*t. Let l be ((-4)/(-6))/(t/(-6)). Let w be -1*(l - -1) + 21. Calculate the greatest common factor of 55 and w.
11
Let u = 10 + -7. Let l(y) = -y**3 - 4*y**2 - y - 2. Let f be l(-4). Suppose -f*o - 24 = -4*o. Calculate the greatest common divisor of u and o.
3
Let w(a) = a**2 - 5*a - 3. Let m be w(-3). Let r be (-27)/(-3)*1 + -2. What is the highest common factor of m and r?
7
Let w(b) = -b - 2. Let r be w(-5). Calculate the highest common divisor of r and 3.
3
Let x be 56/12 + 4/(-6). Suppose x*i + 14 + 10 = 0. Let n = 6 - i. What is the greatest common factor of 84 and n?
12
Suppose 0 = -4*n + 4*v - 2*v + 700, 5*v - 890 = -5*n. Let r = -28 - -44. Calculate the greatest common divisor of n and r.
16
Suppose -3*i + 37 = -44. Let b be (9/12)/(3/12). What is the greatest common divisor of i and b?
3
Let k be (9/(3/1))/1. Suppose -z = -0*z - k. What is the highest common factor of z and 15?
3
Let r = -29 + 44. Let n(i) = -i**2 - 5*i + 6. Let q be n(-8). Let t be (q/8)/(6/(-80)). Calculate the highest common divisor of r and t.
15
Let s(t) = 98*t**3 - 7*t**2 + 7*t. Let z be s(1). Let h(l) = l**2 - 2*l - 1. Let k = 0 + 5. Let v be h(k). What is the highest common divisor of z and v?
14
Let z = 33 + 48. Suppose -4*j + 4 = 0, 3*v = v + 3*j + 7. Suppose -v*a - 2*l + 99 = 0, -5*a - l + z = -a. Calculate the greatest common factor of a and 42.
21
Let c be 6/33 + (-152)/(-11). Let f be 0/(-3 - -1) - -50. Suppose -4*a - f = 3*o - 203, 4*a - 2*o - 178 = 0. What is the greatest common factor of a and c?
14
Let o be (24/14)/(-6) + 184/7. What is the greatest common divisor of o and 13?
13
Let f(w) = 22*w**3 - w**2 + w - 1. Let n be f(1). Calculate the greatest common factor of n and 63.
21
Suppose 2*n - n = 2. Suppose n*i + 8 = 228. What is the greatest common factor of 10 and i?
10
Let i = 16 - 11. Let d = i - 1. What is the greatest common factor of d and 44?
4
Let s = 216 - 149. Suppose -4*j = 3*x - 108, -s = 3*x - 3*j - 175. Let k(o) = 4*o. Let m be k(6). Calculate the greatest common factor of m and x.
12
Let l = 59 + -14. Suppose -19 = -3*d - 4. Calculate the highest common divisor of d and l.
5
Suppose f + 1 = 2*f - 4*u, 4*f - u - 64 = 0. Suppose -2*a + 5*w = 57, -5*a + 3*w = w + 132. Let l = a + 43. What is the highest common factor of f and l?
17
Suppose l + 3 = -3*j, 2 + 0 = -2*j - 2*l. Let y be -3 - -2 - j/(-1). Let x be 3 + (-2)/(y + 0). What is the highest common divisor of 16 and x?
4
Suppose -5*r + 2*w = -0*w + 15, 5*r + w = 0. Let v = r + 6. What is the greatest common divisor of v and 55?
5
Suppose 4*k - 77 = -5. Calculate the highest common factor of 2 and k.
2
Let z(s) = 9*s**2 + 2*s - 1. Let i be z(1). Let k(x) = -2*x - 6. Let v be k(-8). Suppose -75 = -v*d + 5*d. Calculate the highest common divisor of i and d.
5
Let z(m) = 2*m**3 - 7*m**2 - 3. Let h be z(5). Suppose 0 = -3*b + 5*b - h. What is the highest common divisor of 18 and b?
18
Let m be 69 + 1 + (3 - 1). Let o = 32 + -24. Calculate the highest common factor of o and m.
8
Let m be 2*1*1/1. Suppose 4*s - 4*p = -m*p + 2, 4*p + 4 = 0. Suppose s = 2*u + 9 - 59. What is the highest common factor of 75 and u?
25
Let b(i) = -2*i**2 - 18*i - 6. Let y be b(-8). What is the greatest common divisor of 70 and y?
10
Suppose 2*k + 4 + 101 = r, 337 = 3*r + 5*k. Suppose -6 = -u + 3*d, 9*d = -4*u + 4*d + r. What is the highest common divisor of u and 147?
21
Let r(c) = 10*c**2 - 6*c + 3*c - 1 + c. Let b be r(-1). Calculate the highest common divisor of b and 44.
11
Suppose 3*k = 2*d - 0*d - 36, 3*k = -d. Calculate the greatest common factor of 6 and d.
6
Let o(y) = -21*y + 3. Let p be o(-3). Let n(z) = 12*z**2 - 3*z + 2. Let t be n(2). Calculate the greatest common factor of p and t.
22
Suppose -4*u - 12 = -8*u. Calculate the greatest common divisor of u and 3.
3
Let a = -64 - 32. Let d = a + 176. Suppose 4*f - 148 = 5*p - 53, 0 = -4*f - 2*p + 74. What is the highest common divisor of f and d?
20
Suppose 486 = -2*f + 5*f. Suppose 6*w = w - 40. Let r = 26 + w. What is the highest common factor of f and r?
18
Suppose -7*n = -11*n + 12. Let b = -1 + n. Let i = 3 + b. Calculate the highest common divisor of 20 and i.
5
Suppose -37*f = -39*f + 66. What is the greatest common divisor of 3 and f?
3
Suppose 35 = 8*z - 3*z. Let t be 6 + -2 + (-1 - -3). Let y be (4/(-6))/(t/(-63)). Calculate the greatest common divisor of y and z.
7
Let p = 337 - 232. Suppose 4*m = -29 + p. What is the greatest common factor of m and 19?
19
Let o(u) be the first derivative of -u**3/3 - u + 1. Let a be o(-1). Let d be (1*-8)/(a + 1). What is the highest common factor of 8 and d?
8
Suppose 3*g + 3 = 3*y, -y - 1 = -2*g - g. Calculate the greatest common divisor of 5 and g.
1
Let u be ((-3)/(-2))/(3/4). Let n = u - -8. Calculate the highest common divisor of n and 10.
10
Suppose -2*n + 1 = -1. Let j be n + 6/(-2)*-3. What is the greatest common factor of 70 and j?
10
Let i(t) = t**2 - t - 2. Let n be i(3). Let g(v) be the first derivative of 7*v**2/2 - v - 1. Let q be g(3). Calculate the greatest common factor of n and q.
4
Let u be ((-1)/(-3))/(7/84). Let p be u/(-5)*195/(-6). What is the highest common divisor of 13 and p?
13
Suppose 3*f + 25 = 2*t, 4*f + 36 = 5*t - 2*t. Let k = t + 13. Let z be 0 - 0 - (-14)/1. Calculate the greatest common divisor of k and z.
7
Let c = 407 - 127. Calculate the highest common divisor of c and 35.
35
Let o be ((-7)/4)/((-1)/4). Let f = 13 - o. What is the greatest common divisor of 6 and f?
6
Let y be ((-6)/(-8))/(6/40). Calculate the highest common factor of y and 2.
1
Suppose -2*t = -3*t. Suppose 5*q = 4*j + 37, 4*j + j + 15 = t. Let r be 1/5 + 84/q. What is the highest common divisor of 51 and r?
17
Let h = -91 - -167. Suppose 0 = a - 5*a + 5*y + 172, -2*a = -5*y - h. Calculate the highest common factor of 6 and a.
6
Let l(d) = 17*d**2 - 2*d - 1. Let u be l(-1). Suppose 0 = 4*r - 2*r - u. What is the greatest common divisor of r and 9?
9
Suppose 3*w + 4 = -3*t + 16, -8 = -w + t. Let x(y) = y**3 - 4*y**2 + 4*y + 1. Let z be x(3). Let n = w - z. Calculate the highest common factor of n and 1.
1
Let c(v) = v**2 + v + 6. Let i be c(-4). Let w = -250 + 499. Let d = w - 105. What is the highest common factor of i and d?
18
Suppose i = 2*t, -5*i + 3*t = -9 - 5. Suppose 23 = 3*q + i*j, -4*q = -3*j - j - 12. Calculate the greatest common factor of q and 25.
5
Let b be (-2)/7 - (-89)/(-7). Let m be b/(-3) + (-12)/(-18). Let i be ((-8)/m)/((-1)/50). Calculate the greatest common divisor of 10 and i.
10
Suppose 6 = 2*u + 2. Suppose 2*v + u*v = -4*k + 668, 5*v - k = 859. Calculate the highest common factor of 19 and v.
19
Let o be ((-208)/10)/((-189)/35 - -5). What is the highest common factor of 78 and o?
26
Let s(f) = -3*f**2 - 2*f + 0*f**2 + 0 - 3 - f**3. Let w be s(-4). What is the greatest common factor of 63 and w?
21
Let s(k) = 8*k**2 - 3*k - 8. Let w be s(-2). Let l(g) be the first derivative of 5*g**2 - 5*g - 1. Let f be l(5). What is the highest common divisor of f and w?
15
Suppose 0*o - 10 = -o. Calculate the highest common factor of o and 10.
10
Suppose -3*z = 5*n + 16 - 183, 147 = 5*n - 2*z. Let t = 47 - n. Let m = t - 3. Calculate the greatest common divisor of m and 91.
13
Let k = 10 + -16. Let m = 4 + k. Let w be 8/m*44/(-8). What is the greatest common factor of 55 and w?
11
Let r = 2 + 1. Suppose -r*q = -0*q - 42. What is the greatest common divisor of q and 14?
14
Let o(y) = 71*y**2 - y - 2. Let p be o(-2). Let u be 1204/(-6) + 1 - 4/(-6). Let d = u + p. What is the greatest common d